e prime factors of 2584687?
7, 31, 43, 277
List the prime factors of 1108643435.
5, 1427, 155381
What are the prime factors of 4266087175?
5, 7, 24377641
What are the prime factors of 76612444?
2, 47, 59, 6907
List the prime factors of 28858197.
3, 17, 379, 1493
List the prime factors of 229208712.
2, 3, 197, 48479
What are the prime factors of 104337562?
2, 7, 1064669
What are the prime factors of 44112784?
2, 2757049
List the prime factors of 612847590.
2, 3, 5, 113, 293, 617
What are the prime factors of 421267773?
3, 31, 839, 5399
List the prime factors of 65018515.
5, 13003703
List the prime factors of 51396707.
51396707
List the prime factors of 2908036135.
5, 581607227
List the prime factors of 2892180063.
3, 17, 29, 523, 3739
What are the prime factors of 29803158?
2, 3, 7, 11, 21503
What are the prime factors of 198695843?
71, 313, 8941
What are the prime factors of 198263852?
2, 49565963
What are the prime factors of 351681529?
911, 386039
List the prime factors of 238781342.
2, 119390671
What are the prime factors of 35778156?
2, 3, 23, 129631
List the prime factors of 1552650783.
3, 17, 30444133
List the prime factors of 45640434.
2, 3, 7, 1086677
What are the prime factors of 56723953?
11, 13, 36061
What are the prime factors of 24422732?
2, 6105683
List the prime factors of 277629198.
2, 3, 7, 11, 85847
What are the prime factors of 700473650?
2, 5, 3719, 3767
List the prime factors of 23752243.
41, 167, 3469
What are the prime factors of 108706999?
19, 37, 239, 647
List the prime factors of 26787105.
3, 5, 7349
What are the prime factors of 5184265060?
2, 5, 13, 19939481
List the prime factors of 330022366.
2, 41, 509, 7907
List the prime factors of 336445417.
7, 11, 624203
List the prime factors of 520588704.
2, 3, 31, 174929
List the prime factors of 33490349.
3701, 9049
List the prime factors of 1090907664.
2, 3, 7, 11, 23, 41, 313
List the prime factors of 519149416.
2, 29, 53, 42221
List the prime factors of 240698209.
37, 6505357
What are the prime factors of 3753766?
2, 101, 18583
List the prime factors of 2858163479.
61, 46855139
What are the prime factors of 1966033835?
5, 19, 20695093
List the prime factors of 567897864.
2, 3, 23662411
What are the prime factors of 5008675083?
3, 1669558361
What are the prime factors of 293567855?
5, 7, 2087, 4019
List the prime factors of 2013280855.
5, 43, 9364097
List the prime factors of 1436106158.
2, 29, 409, 60539
List the prime factors of 993734652.
2, 3, 61, 1357561
What are the prime factors of 1166840029?
37, 107, 294731
What are the prime factors of 538452797?
113, 4765069
List the prime factors of 629117168.
2, 97, 457, 887
List the prime factors of 145555309.
17, 8562077
What are the prime factors of 2624009123?
61, 263, 163561
What are the prime factors of 5050017694?
2, 103, 24514649
What are the prime factors of 1315552163?
3023, 435181
What are the prime factors of 275169572?
2, 68792393
What are the prime factors of 61293876?
2, 3, 7, 729689
What are the prime factors of 70369656?
2, 3, 7, 418867
List the prime factors of 361199157.
3, 11, 863, 1153
What are the prime factors of 80696785?
5, 13, 1241489
What are the prime factors of 1007952922?
2, 193, 2611277
List the prime factors of 734924432.
2, 11, 883, 4729
What are the prime factors of 69072055?
5, 13, 29, 36643
List the prime factors of 39162704.
2, 7, 349667
List the prime factors of 5354206554.
2, 3, 892367759
What are the prime factors of 321166923?
3, 7, 11, 83, 2393
List the prime factors of 6134437.
101, 60737
List the prime factors of 71873959.
71873959
List the prime factors of 725102381.
53, 2447, 5591
What are the prime factors of 11048433?
3, 11, 53, 6317
What are the prime factors of 36137490?
2, 3, 5, 1204583
List the prime factors of 193708498.
2, 96854249
List the prime factors of 510669522.
2, 3, 11, 53, 5407
What are the prime factors of 303774885?
3, 5, 6750553
List the prime factors of 247886845.
5, 379, 130811
List the prime factors of 4294811704.
2, 37, 14509499
What are the prime factors of 9868696?
2, 1233587
What are the prime factors of 81114646?
2, 41, 127, 7789
List the prime factors of 1550792843.
1550792843
What are the prime factors of 5807888592?
2, 3, 11, 167, 65867
What are the prime factors of 16061126?
2, 1553, 5171
What are the prime factors of 15390593?
17, 905329
List the prime factors of 140022355.
5, 11, 2545861
List the prime factors of 3042505639.
3821, 796259
List the prime factors of 58103099.
2339, 24841
List the prime factors of 3884590147.
19, 204452113
List the prime factors of 969269762.
2, 19, 3221, 7919
List the prime factors of 217856307.
3, 151, 480919
What are the prime factors of 81743668?
2, 41, 12157
List the prime factors of 704202299.
661, 673, 1583
List the prime factors of 142109360.
2, 5, 19, 93493
List the prime factors of 247316990.
2, 5, 2309, 10711
List the prime factors of 114339629.
199, 443, 1297
What are the prime factors of 1281364457?
547, 919, 2549
List the prime factors of 38846364.
2, 3, 89, 36373
List the prime factors of 812628014.
2, 11, 1031, 3257
List the prime factors of 6057022.
2, 3028511
List the prime factors of 953468758.
2, 11, 43339489
What are the prime factors of 242126975?
5, 19, 509741
List the prime factors of 48871848.
2, 3, 727, 2801
What are the prime factors of 354856679?
5437, 65267
List the prime factors of 3631328448.
2, 3, 11, 103, 16693
List the prime factors of 145930429.
1439, 101411
List the prime factors of 112020184.
2, 857, 16339
List the prime factors of 72420341.
7, 10345763
List the prime factors of 733770812.
2, 191, 661, 1453
List the prime factors of 33942217.
17, 443, 4507
What are the prime factors of 197042601?
3, 7, 1823, 5147
List the prime factors of 288367254.
2, 3, 7, 326947
What are the prime factors of 333654048?
2, 3, 7, 13, 29, 439
What are the prime factors of 207380005?
5, 7, 37, 22877
What are the prime factors of 166503898?
2, 11, 211, 35869
What are the prime factors of 23996674?
2, 13, 557, 1657
List the prime factors of 872244948.
2, 3, 29, 163, 15377
What are the prime factors of 523414862?
2, 4903, 53377
List the prime factors of 183592573.
19, 9662767
What are the prime factors of 2474927322?
2, 3, 7, 73, 807217
List the prime factors of 342999931.
1307, 262433
List the prime factors of 45012259.
673, 66883
List the prime factors of 239751742.
2, 119875871
List the prime factors of 12532785.
3, 5, 29, 47, 613
List the prime factors of 42249044.
2, 10562261
List the prime factors of 118522644.
2, 3, 853, 11579
List the prime factors of 223717675.
5, 59, 151673
List the prime factors of 63496315.
5, 109, 116507
What are the prime factors of 2517185020?
2, 5, 7, 2339, 7687
What are the prime factors of 4043577052?
2, 18793, 53791
What are the prime factors of 16902935?
5, 7, 482941
List the prime factors of 23681579.
23681579
What are the prime factors of 190269731?
23, 8272597
What are the prime factors of 6888599672?
2, 3407, 252737
What are the prime factors of 38287652?
2, 13, 541, 1361
What are the prime factors of 2236669221?
3, 619, 1204453
What are the prime factors of 415052472?
2, 3, 17293853
What are the prime factors of 1539434128?
2, 151, 521, 1223
What are the prime factors of 1341131?
11, 121921
What are the prime factors of 115968228?
2, 3, 293, 32983
List the prime factors of 404987138.
2, 181, 1118749
List the prime factors of 346734966.
2, 3, 2269, 25469
List the prime factors of 56871910.
2, 5, 5687191
List the prime factors of 314328434.
2, 7, 3207433
List the prime factors of 35069123.
43, 137, 5953
What are the prime factors of 1139262189?
3, 13, 53, 241, 2287
What are the prime factors of 526245673?
526245673
List the prime factors of 55171667.
59, 935113
What are the prime factors of 14811319?
14811319
What are the prime factors of 265519824?
2, 3, 29, 53, 59, 61
What are the prime factors of 62052448?
2, 17, 114067
What are the prime factors of 28403740?
2, 5, 449, 3163
What are the prime factors of 515550025?
5, 20622001
List the prime factors of 4277213951.
307, 13932293
What are the prime factors of 115983245?
5, 7, 31, 15271
List the prime factors of 514383501.
3, 17, 43, 163, 1439
List the prime factors of 1069634764.
2, 11, 17, 53, 26981
What